is 416 (base 8) in base 16?
10e
Convert 1011 (base 2) to base 15.
b
Convert 5 (base 12) to base 7.
5
What is -22 (base 14) in base 10?
-30
What is -31 (base 4) in base 13?
-10
1 (base 9) to base 16
1
What is -58 (base 13) in base 14?
-53
What is 3 (base 5) in base 14?
3
What is 111 (base 8) in base 4?
1021
Convert -11 (base 2) to base 11.
-3
Convert 11 (base 4) to base 11.
5
What is -16 (base 16) in base 3?
-211
What is 1010 (base 2) in base 10?
10
What is 2 (base 14) in base 16?
2
What is -20 (base 14) in base 5?
-103
What is 23 (base 8) in base 11?
18
Convert -1 (base 4) to base 10.
-1
What is 1022 (base 6) in base 4?
3212
What is -23 (base 11) in base 7?
-34
-14 (base 6) to base 9
-11
Convert 32 (base 7) to base 15.
18
0 (base 13) to base 15
0
10 (base 3) to base 8
3
-2a (base 12) to base 8
-42
2b (base 15) to base 2
101001
13 (base 9) to base 10
12
Convert 1 (base 6) to base 2.
1
-a (base 13) to base 4
-22
Convert -15 (base 6) to base 14.
-b
-1 (base 6) to base 8
-1
What is 19 (base 14) in base 12?
1b
What is 10 (base 2) in base 5?
2
Convert -1104 (base 6) to base 15.
-121
Convert 24 (base 10) to base 5.
44
0 (base 7) to base 6
0
22 (base 4) to base 11
a
Convert -4 (base 16) to base 5.
-4
Convert -4 (base 16) to base 4.
-10
-c (base 14) to base 6
-20
1011001 (base 2) to base 12
75
Convert 0 (base 11) to base 16.
0
Convert 5 (base 16) to base 9.
5
What is -15 (base 12) in base 11?
-16
Convert 30 (base 6) to base 11.
17
0 (base 16) to base 4
0
What is -2 (base 6) in base 11?
-2
Convert 201 (base 4) to base 6.
53
What is -45 (base 10) in base 11?
-41
What is -10 (base 10) in base 2?
-1010
Convert 4 (base 16) to base 3.
11
Convert 110 (base 3) to base 5.
22
Convert 3 (base 16) to base 3.
10
What is 5 (base 16) in base 13?
5
What is -15 (base 9) in base 6?
-22
Convert -2102 (base 4) to base 8.
-222
-29 (base 14) to base 2
-100101
-121 (base 4) to base 15
-1a
Convert -111 (base 8) to base 16.
-49
What is 3b (base 12) in base 11?
43
9 (base 13) to base 12
9
What is -2 (base 5) in base 8?
-2
What is 9 (base 11) in base 2?
1001
Convert 2 (base 4) to base 11.
2
What is -1 (base 16) in base 7?
-1
3 (base 7) to base 11
3
Convert -1110111 (base 2) to base 15.
-7e
What is -23 (base 16) in base 4?
-203
What is 21 (base 3) in base 16?
7
What is -123 (base 11) in base 15?
-9b
41 (base 7) to base 2
11101
Convert -1 (base 15) to base 6.
-1
Convert -24 (base 9) to base 6.
-34
-15 (base 10) to base 6
-23
Convert 12112 (base 3) to base 7.
302
What is -22 (base 3) in base 12?
-8
What is -12 (base 6) in base 10?
-8
Convert 1 (base 8) to base 12.
1
What is 40 (base 7) in base 16?
1c
Convert 2 (base 11) to base 8.
2
-12 (base 15) to base 8
-21
3 (base 5) to base 15
3
What is -204 (base 5) in base 12?
-46
What is -100001 (base 2) in base 12?
-29
133 (base 10) to base 12
b1
What is -59 (base 13) in base 16?
-4a
Convert -19 (base 11) to base 5.
-40
Convert 6 (base 16) to base 7.
6
111201 (base 3) to base 8
562
What is 2 (base 6) in base 9?
2
-2000 (base 4) to base 13
-9b
What is -10 (base 7) in base 5?
-12
Convert 23 (base 4) to base 7.
14
What is -6 (base 11) in base 16?
-6
-113 (base 9) to base 13
-72
What is 330 (base 6) in base 13?
99
-111 (base 2) to base 16
-7
What is 1a (base 16) in base 5?
101
What is -101010000 (base 2) in base 14?
-1a0
Convert 2 (base 7) to base 10.
2
Convert -97 (base 13) to base 14.
-8c
What is 1 (base 15) in base 2?
1
What is 15 (base 6) in base 15?
b
What is -c4 (base 13) in base 5?
-1120
Convert -207 (base 8) to base 3.
-12000
Convert 5 (base 10) to base 2.
101
What is 14 (base 12) in base 16?
10
What is 2 (base 5) in base 2?
10
What is 10000 (base 2) in base 3?
121
Convert -421 (base 5) to base 6.
-303
Convert -124 (base 7) to base 13.
-52
-41 (base 12) to base 13
-3a
What is 0 (base 6) in base 4?
0
Convert -3 (base 5) to base 14.
-3
What is 3 (base 12) in base 2?
11
What is -43 (base 5) in base 6?
-35
-22 (base 15) to base 12
-28
What is -b (base 15) in base 5?
-21
What is 3 (base 4) in base 2?
11
-1a (base 14) to base 9
-26
Convert -204 (base 5) to base 14.
-3c
What is -3 (base 16) in base 7?
-3
What is 101010 (base 2) in base 7?
60
Convert -1 (base 11) to base 15.
-1
Convert -5 (base 7) to base 4.
-11
Convert -16 (base 14) to base 15.
-15
Convert d0 (base 15) to base 8.
303
Convert 27 (base 12) to base 10.
31
3 (base 8) to base 7
3
120 (base 4) to base 9
26
333 (base 5) to base 8
135
What is -86 (base 14) in base 15?
-7d
-11 (base 8) to base 12
-9
-b (base 13) to base 15
-b
What is 2 (base 12) in base 4?
2
6 (base 10) to base 8
6
What is -8 (base 13) in base 2?
-1000
What is 70 (base 11) in base 10?
77
What is -a5 (base 13) in base 4?
-2013
What is -2 (base 6) in base 3?
-2
What is 1 (base 13) in base 12?
1
Convert -11011 (base 2) to base 12.
-23
235 (base 7) to base 14
8c
Convert 0 (base 10) to base 7.
0
-1a (base 13) to base 8
-27
What is -3 (base 11) in base 6?
-3
What is -4 (base 14) in base 16?
-4
21 (base 3) to base 14
7
Convert 11 (base 2) to base 7.
3
Convert 13 (base 9) to base 4.
30
What is -7 (base 11) in base 3?
-21
-140 (base 13) to base 3
-22012
3 (base 7) to base 5
3
-19 (base 10) to base 14
-15
What is 1 (base 5) in base 13?
1
What is 1 (base 7) in base 2?
1
What is -28 (base 16) in base 12?
-34
What is 0 (base 5) in base 16?
0
Convert 0 (base 2) to base 9.
0
Convert 3000 (base 4) to base 11.
165
What is 16 (base 9) in base 8?
17
1 (base 16) to base 12
1
Convert 0 (base 16) to base 2.
0
Convert 111 (base 4) to base 8.
25
150 (base 7) to base 16
54
Convert -1121 (base 3) to base 11.
-3a
What is 1 (base 10) in base 5?
1
Convert 4 (base 16) to base 5.
4
-2 (base 16) to base 12
-2
-10 (base 8) to base 15
-8
What is 66 (base 12) in base 15?
53
Convert 42 (base 16) to base 15.
46
Convert 10001 (base 2) to base 11.
16
5 (base 9) to base 11
5
What is -2 (base 4) in base 9?
-2
What is -85 (base 12) in base 13?
-7a
Convert -5 (base 13) to base 10.
-5
Convert 110220 (base 3) to base 8.
534
11 (base 8) to base 5
14
What is 1 (base 3) in base 6?
1
-144 (base 5) to base 16
-31
Convert 9 (base 15) to base 4.
21
Convert 0 (base 5) to base 9.
0
0 (base 6) to base 7
0
Convert -3 (base 4) to base 8.
-3
What is -2 (base 12) in base 16?
-2
Convert 8 (base 11) to base 14.
8
-5 (base 7) to base 11
-5
Convert 2 (base 4) to base 2.
10
What is -26 (base 12) in base 7?
-42
4 (base 8) to base 6
4
What is 20 (base 3) in base 7?
6
Convert -32 (base 11) to base 7.
-50
What is 10010 (base 3) in base 11?
77
What is -101 (base 2) in base 10?
-5
What is 25 (base 10) in base 13?
1c
What is 10 (base 13) in base 7?
16
Convert 10 (base 3) to base 6.
3
Convert 3131 (base 4) to base 11.
191
Convert 20 (base 11) to base 15.
17
What is -100 (base 3) in base 7?
-12
Convert -3 (base 5) to base 6.
-3
Convert 31 (base 4) to base 14.
d
32 (base 8) to base 6
42
-11 (base 10) to base 8
-13
a (base 16) to base 15
a
What is -120 (base 15) in base 11?
-212
-21 (base 6) to base 5
-23
Convert -104 (base 5) to base 11.
-27
Convert -8 (base 9) to base 10.
-8
Convert 25 (base 14) to base 12.
29
Convert -7 (base 16) to base 5.
-12
Convert 131 (base 5) to base 11.
38
Convert 100 (base 7) to base 16.
31
Convert 131 (base 10) to base 12.
ab
What is 10 (base 10) in base 4?
22
12 (base 16) to base 4
102
71 (base 15) to base 10
106
What is 1 (base 12) in base 5?
1
What is 100 (base 3) in base 12?
9
Convert -1222 (base 3) to base 2.
-110101
What is -23 (base 5) in base 16?
-d
Convert -201 (base 3) to base 10.
-19
22 (base 9) to base 8
24
24 (base 7) to base 16
12
What is 2 (base 6) in base 14?
2
-1001 (base 2) to base 16
-9
What is 9 (base 16) in base 12?
9
-16 (base 11) to base 6
-25
54 (base 8) to base 14
32
Convert -5 (base 14) to base 15.
-5
What is 6 (base 7) in base 16?
6
Convert 13 (base 4) to base 3.
21
Convert -10 (base 4) to base 3.
-11
-42 (base 14) to base 9
-64
Convert 7 (base 11) to base 9.
7
What is -129 (base 13) in base 16?
-cc
0 (base 11) to base 16
0
Convert 0 (base 6) to base 5.
0
What is 24 (base 5) in base 15?
e
What is -1101 (base 2) in base 14?
-d
1d (base 14) to base 12
23
0 (base 9) to base 5
0
Convert -23 (base 4) to base 7.
-14
Convert 0 (base 9) to base 8.
0
-1 (base 3) to base 16
-1
200 (base 3) to base 15
13
Convert 3 (base 9) to base 12.
3
What 